4050466
What is -103113003011 (base 4) in base 16?
-4d70c5
What is -18c87b (base 13) in base 5?
-130040344
161da (base 15) to base 10
71305
21211211220020 (base 3) to base 10
4169805
-60faac (base 16) to base 12
-2166038
Convert 114123304 (base 6) to base 13.
5a6c16
What is 1230020220 (base 5) in base 11?
17494a5
Convert 662661 (base 8) to base 10.
222641
213351 (base 11) to base 6
11151231
Convert 33814 (base 11) to base 12.
2436b
-10001100111001100111 (base 2) to base 8
-2147147
What is -62660 (base 8) in base 5?
-1313112
What is 100110001100010001 (base 2) in base 13?
56284
2997a87 (base 11) to base 10
5134972
Convert -4091352 (base 10) to base 13.
-b03325
3201726 (base 8) to base 15
11cad5
Convert -1001011000001000000 (base 2) to base 12.
-129994
-7ceae6 (base 16) to base 10
-8186598
36295b (base 15) to base 2
1001111000100000010000
Convert -100011101000100111010110 (base 2) to base 9.
-18516881
Convert 7346908 (base 10) to base 11.
4168928
What is -110021121 (base 4) in base 3?
-11012012100
Convert -164aa27 (base 13) to base 5.
-3320130004
What is 121001100022 (base 3) in base 15?
63908
What is 10211202111211 (base 3) in base 15?
2a51d7
What is -7876a (base 13) in base 6?
-4404502
Convert -81794 (base 14) to base 13.
-aba83
What is 3221213213 (base 5) in base 16?
680fe0
Convert 2771a (base 15) to base 12.
61237
-1a826 (base 15) to base 16
-150c3
Convert -438217 (base 10) to base 2.
-1101010111111001001
What is 213220201 (base 4) in base 13?
58b76
1b6187b (base 13) to base 3
122002121201100
3427751 (base 10) to base 11
1a31358
Convert -71731 (base 9) to base 4.
-23202103
Convert -223223321 (base 4) to base 5.
-21211222
What is 38451 (base 11) in base 7?
316450
-219d3 (base 15) to base 10
-106848
36033337 (base 8) to base 3
112211021002101
What is -1949113 (base 10) in base 3?
-10200000200101
What is -439248 (base 10) in base 2?
-1101011001111010000
1744557 (base 8) to base 4
1330211233
What is 552b8a0 (base 12) in base 5?
13124021312
What is a2051 (base 13) in base 4?
1012310112
Convert -111101101100010111100 (base 2) to base 6.
-111155032
Convert -51642 (base 8) to base 14.
-7b34
What is 1105122 (base 9) in base 14?
1167b6
What is -1a212 (base 12) in base 6?
-453222
Convert -2340b (base 13) to base 11.
-44426
What is -34312323 (base 5) in base 3?
-120121102021
-8225 (base 10) to base 4
-2000201
Convert 426945 (base 11) to base 14.
13aa9c
2182a8 (base 11) to base 14
90a35
Convert 11220100222012 (base 3) to base 16.
27c170
-25556b (base 12) to base 9
-1130752
-23c726 (base 13) to base 14
-183c80
What is -75b42 (base 13) in base 11?
-135998
Convert 1100110021220 (base 3) to base 7.
6045660
Convert -4520301 (base 7) to base 3.
-1001102121020
10001110001000110000 (base 2) to base 10
582192
Convert 111110011111010101 (base 2) to base 5.
31142312
Convert 20baa (base 14) to base 15.
186ad
Convert 10442333320 (base 5) to base 2.
101100100100011100000001
Convert 100230223302 (base 4) to base 13.
ba3549
133122232203 (base 4) to base 14
1145615
Convert -28b456b (base 12) to base 4.
-133101210203
Convert 1111110110000010110 (base 2) to base 15.
a3c7a
What is 101010011110100 (base 2) in base 14?
7cd6
202465 (base 9) to base 11
82126
Convert -401b5 (base 14) to base 2.
-100101100110100011
-61322 (base 13) to base 8
-524022
265871 (base 11) to base 6
12541321
-404025123 (base 6) to base 10
-6908811
What is -245cba (base 13) in base 15?
-122b9b
1000303120 (base 5) to base 10
1962910
What is -10670057 (base 10) in base 2?
-101000101100111111101001
16311264 (base 7) to base 6
53531310
2220000110121 (base 3) to base 2
101110110111001111110
What is -200022001111 (base 3) in base 14?
-95382
Convert -20110150 (base 6) to base 11.
-359562
-531043 (base 7) to base 5
-10412422
What is -21344444 (base 5) in base 11?
-116583
Convert -158cc55 (base 13) to base 4.
-122132121000
110201123300 (base 4) to base 12
19753a8
What is -1001101101111100 (base 2) in base 15?
-bbd9
Convert -25144 (base 14) to base 12.
-44674
What is 98578a (base 16) in base 15?
d232c2
Convert -100210200222202 (base 3) to base 8.
-23700054
110211220112 (base 3) to base 15
4edeb
Convert -176115 (base 8) to base 5.
-4031324
Convert -1435105 (base 7) to base 2.
-101111010100111001
1794a (base 12) to base 3
1201220011
Convert -388a46 (base 11) to base 6.
-21042113
7117364 (base 8) to base 7
21641341
-1011110001011011 (base 2) to base 10
-48219
Convert 3030011310 (base 4) to base 9.
1513640
1000110000001010101 (base 2) to base 7
2303111
Convert 401703 (base 8) to base 11.
90222
What is -2c7784 (base 13) in base 12?
-451884
What is -350620 (base 10) in base 13?
-c378a
Convert 112001010102 (base 3) to base 11.
179718
Convert -97ad88 (base 14) to base 9.
-10602874
Convert -3bcc1 (base 15) to base 5.
-22120011
1214069 (base 10) to base 5
302322234
Convert 10103033 (base 5) to base 12.
3b2b7
-c43c28 (base 13) to base 3
-22121121101212
What is -1001222201201 (base 3) in base 12?
-23626a
Convert 111110100000001100 (base 2) to base 16.
3e80c
1769 (base 15) to base 13
23b5
Convert 1125721 (base 9) to base 4.
2110121203
What is -5435512 (base 8) in base 14?
-29cd74
What is 3223133123 (base 4) in base 14?
1b173d
Convert 1108a6 (base 12) to base 11.
175544
What is 11e255 (base 16) in base 4?
10132021111
Convert 1012437 (base 9) to base 8.
2036252
Convert 2443234331 (base 5) to base 2.
10110010001000000101001
What is -202449 (base 10) in base 8?
-613321
Convert -32229a (base 16) to base 13.
-8b069c
What is -98393 (base 11) in base 8?
-427042
Convert -1010111100001000 (base 2) to base 7.
-244431
What is 11533982 (base 10) in base 9?
23628575
Convert -370b2 (base 13) to base 14.
-28c51
Convert 25d3b (base 15) to base 5.
12333411
Convert 6b73bc (base 13) to base 15.
357db5
189b86 (base 16) to base 4
12021232012
-110012011012 (base 3) to base 7
-2016401
Convert -d924 (base 15) to base 4.
-23031232
-1636173 (base 8) to base 16
-73c7b
Convert 1744121 (base 10) to base 4.
12221303321
Convert -116221 (base 11) to base 14.
-4b06b
-12010120000021 (base 3) to base 12
-ab62a4
What is -112a0b (base 13) in base 8?
-1430675
-12232500 (base 6) to base 11
-249546
-12112201220121 (base 3) to base 14
-56a122
Convert aa77c (base 13) to base 3.
120200200111
Convert -1045554 (base 6) to base 10.
-53134
-200200000001120 (base 3) to base 4
-211311330102
Convert 242443324 (base 5) to base 11.
709936
What is -102773374 (base 8) in base 7?
-302161146
Convert b653 (base 15) to base 14.
1009b
What is 2e802d (base 15) in base 7?
25110004
Convert -1e86d (base 15) to base 5.
-11143103
Convert 111110002200122 (base 3) to base 13.
163303a
What is -23102 (base 4) in base 12?
-502
-3427575 (base 8) to base 10
-929661
-2202410243 (base 5) to base 14
-8b2684
Convert 1130714 (base 9) to base 2.
10010101000111000001
-1773218 (base 9) to base 2
-11110010011100110101
22111222000020 (base 3) to base 4
101101010133
Convert -5153422 (base 10) to base 5.
-2304402142
Convert -13829a (base 11) to base 7.
-1556442
Convert a0a61 (base 15) to base 16.
7c2af
Convert -30b200 (base 15) to base 12.
-938130
-397806 (base 13) to base 5
-323401130
3220320010 (base 4) to base 7
11051635
4cdb2 (base 15) to base 12
ba4b8
-5151342 (base 6) to base 15
-4d6ab
Convert 11121212204 (base 5) to base 15.
112b039
-10241254 (base 6) to base 9
-507787
What is -100111110010000 (base 2) in base 8?
-47620
Convert 7bb32b (base 15) to base 11.
3377588
-ee4ce (base 15) to base 4
-2320311212
What is -57a1b1 (base 15) in base 7?
-50401210
What is 1f9122 (base 16) in base 9?
3802733
What is -28e261 (base 16) in base 14?
-4da653
Convert 355286 (base 9) to base 16.
3434d
What is -5210f2 (base 16) in base 2?
-10100100001000011110010
What is -46994 (base 12) in base 2?
-10111001000000000
What is 11201020201221 (base 3) in base 2?
1001100011011111001101
-214001 (base 6) to base 3
-220022001
Convert 43681 (base 12) to base 2.
10101110000000001
Convert -1d2399 (base 15) to base 5.
-331100234
1ea4c (base 16) to base 8
365114
What is 30123212 (base 6) in base 4?
3033233120
-348244 (base 11) to base 12
-2279a7
What is 18820b6 (base 14) in base 10?
12145104
Convert 1020431142 (base 5) to base 16.
206892
77763c (base 14) to base 5
2014212433
13598 (base 10) to base 16
351e
Convert 142410455 (base 6) t